*5/60 + 5*a**4/6 - a**2. What is the tens digit of z(14)?
8
What is the tens digit of -4*(-4)/28 + 3741/7?
3
Suppose 5 = -4*b - b + 4*l, 3*l - 3 = 4*b. Suppose -h = 5*m - 34, b*m - 6*h + 7*h = 20. What is the units digit of m?
7
Suppose 4*l + 3*b - 8 - 2 = 0, -2*l + 3*b = 4. Let j be (1 + 0)/(l/(-1)). What is the tens digit of (j - -2 - 17)*-1?
1
Let x(v) = -v**3 - 16*v**2 + 8*v + 26. What is the tens digit of x(-18)?
3
Let d = 61 - 41. What is the units digit of 156 - 5/(d/8)?
4
Let a(t) = -t + 1. Let q(v) = -4*v - 2. Let l(d) = -5*a(d) + q(d). Let k be l(10). Suppose -3*p - k*y = -63, 4*y = -0*y - 12. What is the units digit of p?
4
Suppose 0 = -3*s - 2*s + 10. Suppose 2*p = -u - 24, -s*u - 51 - 7 = 2*p. Let x = u - -58. What is the tens digit of x?
2
Suppose -3*f + 3 + 6 = 0. Suppose -39 = -f*n + 33. Let m = n - 10. What is the tens digit of m?
1
Suppose -19036 = -25*s + 52714. What is the tens digit of s?
7
Suppose 4*f = 903 - 659. What is the tens digit of f?
6
Let f = -94 + 98. Suppose -f*t + 3*t = -22. What is the units digit of t?
2
What is the units digit of (-4)/((-20)/10945) + -4 + -3?
2
Suppose -12 + 32 = 4*u. What is the tens digit of 18/45 + 343/u?
6
Let c(q) = q**3 - 4*q**2 + 3*q + 4. Let w be c(3). Suppose 0*r - r - w = 0. What is the units digit of -1 - (-28 + 2 + r)?
9
Suppose -28*k + 9216 = -4*k. What is the units digit of k?
4
Suppose 0 = -3*k + k + 3*p + 2337, 0 = 2*k - 4*p - 2340. What is the hundreds digit of k?
1
What is the tens digit of (-21)/14*-2732*(-6)/(-9)?
3
Let c be (4/2 + 1)*(-15)/(-9). What is the tens digit of 22/55 - (-308)/c?
6
Let h = -512 - -737. What is the hundreds digit of h?
2
Suppose 5*i - f - 3854 = 0, 30*f + 758 = i + 33*f. What is the tens digit of i?
7
Suppose 0 = -4*w - 71 - 253. Let x = -57 - w. What is the units digit of x?
4
Let q(d) = -1 - 2*d**2 + 3*d**2 + 34*d**3 + d + 0*d**2. Let x be q(1). Let h = -22 + x. What is the tens digit of h?
1
Let b be (-23 + 0)*(-120)/20. What is the tens digit of (30/20)/(9/4)*b?
9
Let f(x) = -418*x + 778. What is the thousands digit of f(-4)?
2
Suppose 2*l = -2*l - 4, 5*a = -3*l - 288. Let y = a - -118. What is the units digit of y?
1
Let b(w) = 9*w + 11. Let j be b(5). Suppose -2*l + f + 107 = -0*f, 0 = l - 3*f - j. What is the tens digit of l?
5
Let i(z) = 132*z - 104. What is the hundreds digit of i(2)?
1
Suppose a - z - 240 = 0, -2*a + 3*a + z = 240. Suppose -3*y - 2*y = a. Let k = -31 - y. What is the units digit of k?
7
Let i(l) = l**3 - l**2 - 9*l + 3. Suppose -56*o + 51*o + 30 = 0. What is the units digit of i(o)?
9
Let u be 69 - (8/(-2) + 1). Suppose u + 19 = 7*m. What is the tens digit of m?
1
Suppose -4*c = -f - 15 - 3, 0 = 4*f - 4*c + 12. Let n = 2 + 1. Suppose -4*s + 2*r = -42, f*r = n*r - 1. What is the units digit of s?
1
Let w = -24 - -28. Suppose 2*n + 96 = 4*a, -2*a = 2*a - w*n - 88. What is the tens digit of a?
2
Let i(g) = g**3 + 26*g**2 + 19*g - 76. What is the hundreds digit of i(-15)?
1
Let h(q) = -q**3 + 5*q**2 + 7*q - 6. Let s be h(6). Suppose 2*a + 4*m - 4 = s, 4 = 5*a + 4*m - 0. Let o(u) = u + 31. What is the units digit of o(a)?
1
Let z = 133 - 134. Let q = 236 - z. What is the hundreds digit of q?
2
What is the hundreds digit of ((-952)/(-6))/((-6)/(-63))?
6
Suppose 6*a - 7*a + 91 = -4*k, a - 3*k - 91 = 0. What is the units digit of a?
1
Let f(b) = -2*b - 3 + 15 + 11. What is the units digit of f(-12)?
7
Let z = -14 + 49. Let s be 185/z - 2/7. Let p = 28 + s. What is the tens digit of p?
3
Suppose i = -3*y + 6, -3*i = 4*y + 2*i - 8. Let x = -10 + 15. Suppose 2*t + 5 + 23 = c, -y*c = x*t - 56. What is the units digit of c?
8
Let v = 1198 - 604. What is the hundreds digit of v?
5
Suppose -1902 = -5*z + 3*l, 0*z = 3*z + l - 1144. What is the units digit of z?
1
What is the tens digit of ((-144)/(-84))/(16/18536)?
8
Let a be (-2)/4*2*-3. Suppose -a*w = -5*v - 6*w + 504, 202 = 2*v + w. Let d = -41 + v. What is the tens digit of d?
6
Let d = -4 + 10. Suppose 2*l = d*l. Suppose l = n - 70 + 4. What is the tens digit of n?
6
Let a = 4 - -1. Suppose -a*t - 1 = 3*g - 12, 0 = -g + 5*t + 17. What is the units digit of 3 - (-7)/(g/55)?
8
Suppose 0 = -t + 5. Suppose 0*c = -t*c - 170. What is the units digit of (-1377)/c - 2/4?
0
Let n = 256 - -794. What is the thousands digit of n?
1
Let g be (-29316)/14*(-1 + 2). What is the tens digit of (-12)/(-96) - g/16?
3
Suppose -3*p - 29 = -j, 115 = 5*j - 4*p - 41. Let v = -22 + j. What is the tens digit of v?
1
Suppose 5*d + 0*d + 0*d = 0. Suppose -5*b + 2*n + 55 = 7*n, d = -3*n - 15. What is the units digit of b?
6
Let x(f) = 2*f**2 + 5*f + 3. Let q be x(-4). Suppose -3*c + 2*w = -7, 3*c - 8*c - w + 3 = 0. Let y = q - c. What is the tens digit of y?
1
Suppose -2*m + 5*m - 7 = -5*b, 0 = b + 3*m + 1. Suppose b*a - 4*r = -3*a + 595, 2*r + 113 = a. What is the units digit of a?
3
Let k(h) = h**3 - 3*h**2 + 4*h - 1. Let y be k(2). Let f(n) = -n**y + 25*n**2 - 7*n**2 - 3*n**2 - 4*n**2 - 6*n. What is the tens digit of f(10)?
4
Let j be (16/(-24))/(2/(-9)). Suppose -j*f - 94 = -b - b, f + 168 = 4*b. What is the units digit of b?
1
Let d be 27/(-18)*46/3. Let z = d - -11. What is the tens digit of (-2 - -65)*z/(-14)?
5
Let k(o) = 70*o + 68. What is the thousands digit of k(21)?
1
Suppose -9 = -3*c - 3. Suppose -138 = -c*s + 2*h, -6*s - 3*h + 231 = -3*s. What is the units digit of s?
3
Suppose 10*v + 840 = 5830. What is the tens digit of v?
9
Suppose 4*a + 14*a - 16704 = 0. What is the tens digit of a?
2
Let m = -7 - -11. Suppose -m*s = s - 650. Suppose s = 2*h + 3*h. What is the units digit of h?
6
Suppose 5*y - 68 = z, -2*z + y - 32 = 59. Let i = -31 - z. What is the tens digit of i?
1
Let n = -194 - -352. Let c = n - 88. What is the units digit of c?
0
Suppose 0 = 4*b - 6*b + 3*x + 3814, -2*b = -4*x - 3812. What is the tens digit of b?
1
Let f be (-349)/(-1) - (17 + -15). Suppose -5*i + 173 + f = 0. What is the tens digit of i?
0
Suppose -3*c + 306 = 69. What is the tens digit of c*(-5)/10*-2?
7
Let w be -4*3*(-2)/12. Let r(f) = -f**2 + 7*f + 5. Let i be r(6). Suppose 0 = -3*d + w*d + i. What is the tens digit of d?
1
Suppose 4*o - 3*h - 7 = -1, -3*o + h = -2. Suppose 2*u - 140 = -3*z, -3*u + o*u + 196 = z. What is the units digit of u?
4
Let q = -44 + 40. What is the tens digit of (-2)/q + 266/4?
6
Let j = 90 + 102. What is the tens digit of j?
9
Suppose -y + 2*y - t - 5 = 0, 3*t - 10 = -2*y. Suppose -2*n + 274 = 2*s, 2*n - 3*n = y*s - 137. What is the hundreds digit of n?
1
Suppose r + 2*c + 4 = -0*r, -5 = 5*r + 5*c. Suppose -5*x + 6*y = r*y - 244, -x = -2*y - 50. What is the tens digit of x?
4
Suppose -2*c + 2*i - 7*i - 17 = 0, c + i + 1 = 0. Suppose 5*r + 35 = -c*b, -3*r = 3*b - 2*b + 21. What is the units digit of (0 - r)/(1/2)?
4
Suppose 37 = -u + 41. Suppose -n - u*n = -410. What is the units digit of n?
2
Let f be (1 + -3)/(2/34). Let s = 162 + f. Suppose -2*j = 2*j - s. What is the units digit of j?
2
Let w(b) = -433*b**3 + b + 12*b**2 - 11 + 432*b**3 + 0*b. What is the units digit of w(7)?
1
Suppose 250 - 10 = 5*r. Suppose r = 3*h + h. What is the tens digit of (-3)/(-2) + 126/h?
1
Let l = -37 - -40. Suppose 0 = -3*s - 15 - 0, l*p - 35 = 4*s. What is the tens digit of (-24)/30 + 124/p?
2
Let t(c) = -c**2 - 40*c + 8. What is the hundreds digit of t(-35)?
1
Suppose 0 = -35*c - 19242 + 79267. What is the units digit of c?
5
Let i(n) = -n**2 + 5*n + 8. Let t be i(-7). Suppose c - w + 108 = 2*c, 5*w + 590 = 5*c. Let a = c + t. What is the tens digit of a?
3
Suppose -24*v = -20*v + 112. Let l be 10/((-60)/v - 2). Suppose 5*q = 7*q - l. What is the tens digit of q?
3
Let i(m) = 106*m**2 - 15*m + 21. What is the units digit of i(2)?
5
Suppose -2*r + 5 = -3*k - 7, -3*r = 5*k - 56. What is the tens digit of 285/18 + 2/r + 3?
1
Let d = 126 + -76. Let n = 24 + d. What is the units digit of n?
4
Let n(u) = -u**3 - 8*u**2 + 10*u - 7. Let t be n(-9). Let v be 4*4/t*-134. What is the units digit of v/5 - 5/(-25)?
7
What is the tens digit of -4525*(80/(-50) + 1)?
1
Let o(a) = -a**2 + 11*a + 2. Let j be o(11). Suppose j*u - 6*z + 5*z = 84, 2*u = 4*z + 78. What is the tens digit of u?
4
Let b = 2137 - -379. What is the units digit of b?
6
Suppose -q - 2 - 3 = 5*u, -2*q = 4*u + 10. What is the units digit of (u